[INFO] cloning repository https://github.com/performance/IDP_Tool
[INFO] running `Command { std: "git" "-c" "credential.helper=" "-c" "credential.helper=/workspace/cargo-home/bin/git-credential-null" "clone" "--bare" "https://github.com/performance/IDP_Tool" "/workspace/cache/git-repos/https%3A%2F%2Fgithub.com%2Fperformance%2FIDP_Tool", kill_on_drop: false }`
[INFO] [stderr] Cloning into bare repository '/workspace/cache/git-repos/https%3A%2F%2Fgithub.com%2Fperformance%2FIDP_Tool'...
[INFO] running `Command { std: "git" "rev-parse" "HEAD", kill_on_drop: false }`
[INFO] [stdout] aa70ccca5b9868b46a43247a6d36fe262c2cff92
[INFO] checking performance/IDP_Tool against try#72f88fc4e9458f89516a0b8b0868f3718aec5b47 for pr-74989
[INFO] running `Command { std: "git" "clone" "/workspace/cache/git-repos/https%3A%2F%2Fgithub.com%2Fperformance%2FIDP_Tool" "/workspace/builds/worker-2/source", kill_on_drop: false }`
[INFO] [stderr] Cloning into '/workspace/builds/worker-2/source'...
[INFO] [stderr] done.
[INFO] [stderr] Checking out files:  34% (31/90)   
Checking out files:  35% (32/90)   
Checking out files:  36% (33/90)   
Checking out files:  37% (34/90)   
Checking out files:  38% (35/90)   
Checking out files:  40% (36/90)   
Checking out files:  41% (37/90)   
Checking out files:  42% (38/90)   
Checking out files:  43% (39/90)   
Checking out files:  44% (40/90)   
Checking out files:  45% (41/90)   
Checking out files:  46% (42/90)   
Checking out files:  47% (43/90)   
Checking out files:  48% (44/90)   
Checking out files:  50% (45/90)   
Checking out files:  51% (46/90)   
Checking out files:  52% (47/90)   
Checking out files:  53% (48/90)   
Checking out files:  54% (49/90)   
Checking out files:  55% (50/90)   
Checking out files:  56% (51/90)   
Checking out files:  57% (52/90)   
Checking out files:  58% (53/90)   
Checking out files:  60% (54/90)   
Checking out files:  61% (55/90)   
Checking out files:  62% (56/90)   
Checking out files:  63% (57/90)   
Checking out files:  64% (58/90)   
Checking out files:  65% (59/90)   
Checking out files:  66% (60/90)   
Checking out files:  67% (61/90)   
Checking out files:  68% (62/90)   
Checking out files:  70% (63/90)   
Checking out files:  71% (64/90)   
Checking out files:  72% (65/90)   
Checking out files:  73% (66/90)   
Checking out files:  74% (67/90)   
Checking out files:  75% (68/90)   
Checking out files:  76% (69/90)   
Checking out files:  77% (70/90)   
Checking out files:  78% (71/90)   
Checking out files:  80% (72/90)   
Checking out files:  81% (73/90)   
Checking out files:  82% (74/90)   
Checking out files:  83% (75/90)   
Checking out files:  84% (76/90)   
Checking out files:  85% (77/90)   
Checking out files:  86% (78/90)   
Checking out files:  87% (79/90)   
Checking out files:  88% (80/90)   
Checking out files:  90% (81/90)   
Checking out files:  91% (82/90)   
Checking out files:  92% (83/90)   
Checking out files:  93% (84/90)   
Checking out files:  94% (85/90)   
Checking out files:  95% (86/90)   
Checking out files:  96% (87/90)   
Checking out files:  97% (88/90)   
Checking out files:  98% (89/90)   
Checking out files: 100% (90/90)   
Checking out files: 100% (90/90), done.
[INFO] validating manifest of git repo https://github.com/performance/IDP_Tool on toolchain 72f88fc4e9458f89516a0b8b0868f3718aec5b47
[INFO] running `Command { std: "/workspace/cargo-home/bin/cargo" "+72f88fc4e9458f89516a0b8b0868f3718aec5b47" "read-manifest" "--manifest-path" "Cargo.toml", kill_on_drop: false }`
[INFO] started tweaking git repo https://github.com/performance/IDP_Tool
[INFO] finished tweaking git repo https://github.com/performance/IDP_Tool
[INFO] tweaked toml for git repo https://github.com/performance/IDP_Tool written to /workspace/builds/worker-2/source/Cargo.toml
[INFO] crate git repo https://github.com/performance/IDP_Tool already has a lockfile, it will not be regenerated
[INFO] running `Command { std: "/workspace/cargo-home/bin/cargo" "+72f88fc4e9458f89516a0b8b0868f3718aec5b47" "fetch" "--locked" "--manifest-path" "Cargo.toml", kill_on_drop: false }`
[INFO] [stderr] error: the lock file /workspace/builds/worker-2/source/Cargo.lock needs to be updated but --locked was passed to prevent this
[INFO] [stderr] If you want to try to generate the lock file without accessing the network, use the --offline flag.
[INFO] the lockfile is outdated, regenerating it
[INFO] running `Command { std: "/workspace/cargo-home/bin/cargo" "+72f88fc4e9458f89516a0b8b0868f3718aec5b47" "generate-lockfile" "--manifest-path" "Cargo.toml" "-Zno-index-update", kill_on_drop: false }`
[INFO] running `Command { std: "/workspace/cargo-home/bin/cargo" "+72f88fc4e9458f89516a0b8b0868f3718aec5b47" "fetch" "--locked" "--manifest-path" "Cargo.toml", kill_on_drop: false }`
[INFO] [stderr]  Downloading crates ...
[INFO] [stderr]   Downloaded ansi_term v0.6.3
[INFO] [stderr]   Downloaded strsim v0.4.1
[INFO] [stderr]   Downloaded clap v1.3.2
[INFO] running `Command { std: "docker" "create" "-v" "/var/lib/crater-agent-workspace/builds/worker-2/target:/opt/rustwide/target:rw,Z" "-v" "/var/lib/crater-agent-workspace/builds/worker-2/source:/opt/rustwide/workdir:ro,Z" "-v" "/var/lib/crater-agent-workspace/cargo-home:/opt/rustwide/cargo-home:ro,Z" "-v" "/var/lib/crater-agent-workspace/rustup-home:/opt/rustwide/rustup-home:ro,Z" "-e" "SOURCE_DIR=/opt/rustwide/workdir" "-e" "CARGO_TARGET_DIR=/opt/rustwide/target" "-e" "CARGO_HOME=/opt/rustwide/cargo-home" "-e" "RUSTUP_HOME=/opt/rustwide/rustup-home" "-w" "/opt/rustwide/workdir" "-m" "1610612736" "--user" "0:0" "--network" "none" "rustops/crates-build-env@sha256:d92eaeed33fa75130ca1ee6c8a01d1ffb62bac859dfdfb3450e3e5d1c0146529" "/opt/rustwide/cargo-home/bin/cargo" "+72f88fc4e9458f89516a0b8b0868f3718aec5b47" "metadata" "--no-deps" "--format-version=1", kill_on_drop: false }`
[INFO] [stdout] a159b60752ceb3352c28978d21688e235f8f7a17a525caf29eb2d6146f93bc71
[INFO] [stderr] WARNING: Your kernel does not support swap limit capabilities or the cgroup is not mounted. Memory limited without swap.
[INFO] running `Command { std: "docker" "start" "-a" "a159b60752ceb3352c28978d21688e235f8f7a17a525caf29eb2d6146f93bc71", kill_on_drop: false }`
[INFO] running `Command { std: "docker" "inspect" "a159b60752ceb3352c28978d21688e235f8f7a17a525caf29eb2d6146f93bc71", kill_on_drop: false }`
[INFO] running `Command { std: "docker" "rm" "-f" "a159b60752ceb3352c28978d21688e235f8f7a17a525caf29eb2d6146f93bc71", kill_on_drop: false }`
[INFO] [stdout] a159b60752ceb3352c28978d21688e235f8f7a17a525caf29eb2d6146f93bc71
[INFO] running `Command { std: "docker" "create" "-v" "/var/lib/crater-agent-workspace/builds/worker-2/target:/opt/rustwide/target:rw,Z" "-v" "/var/lib/crater-agent-workspace/builds/worker-2/source:/opt/rustwide/workdir:ro,Z" "-v" "/var/lib/crater-agent-workspace/cargo-home:/opt/rustwide/cargo-home:ro,Z" "-v" "/var/lib/crater-agent-workspace/rustup-home:/opt/rustwide/rustup-home:ro,Z" "-e" "SOURCE_DIR=/opt/rustwide/workdir" "-e" "CARGO_TARGET_DIR=/opt/rustwide/target" "-e" "CARGO_INCREMENTAL=0" "-e" "RUST_BACKTRACE=full" "-e" "RUSTFLAGS=--cap-lints=forbid" "-e" "CARGO_HOME=/opt/rustwide/cargo-home" "-e" "RUSTUP_HOME=/opt/rustwide/rustup-home" "-w" "/opt/rustwide/workdir" "-m" "1610612736" "--user" "0:0" "--network" "none" "rustops/crates-build-env@sha256:d92eaeed33fa75130ca1ee6c8a01d1ffb62bac859dfdfb3450e3e5d1c0146529" "/opt/rustwide/cargo-home/bin/cargo" "+72f88fc4e9458f89516a0b8b0868f3718aec5b47" "check" "--frozen" "--all" "--all-targets" "--message-format=json", kill_on_drop: false }`
[INFO] [stdout] 220d6eb29d9b6cd0967198ee62854806ffb253f98372ccf950b575805fd165dd
[INFO] [stderr] WARNING: Your kernel does not support swap limit capabilities or the cgroup is not mounted. Memory limited without swap.
[INFO] running `Command { std: "docker" "start" "-a" "220d6eb29d9b6cd0967198ee62854806ffb253f98372ccf950b575805fd165dd", kill_on_drop: false }`
[INFO] [stderr]    Compiling winapi-build v0.1.1
[INFO] [stderr]     Checking winapi v0.2.8
[INFO] [stderr]    Compiling byteorder v1.3.4
[INFO] [stderr]     Checking strsim v0.4.1
[INFO] [stderr]     Checking ansi_term v0.6.3
[INFO] [stderr]     Checking memchr v0.1.11
[INFO] [stderr]     Checking aho-corasick v0.5.3
[INFO] [stderr]     Checking clap v1.3.2
[INFO] [stderr]    Compiling kernel32-sys v0.2.2
[INFO] [stderr]     Checking thread-id v2.0.0
[INFO] [stderr]     Checking thread_local v0.2.7
[INFO] [stderr]     Checking regex v0.1.80
[INFO] [stderr]     Checking idp_tool v0.0.2 (/opt/rustwide/workdir)
[INFO] [stdout] error[E0433]: failed to resolve: could not find `Error` in `byteorder`
[INFO] [stdout]   --> src/image/error.rs:54:24
[INFO] [stdout]    |
[INFO] [stdout] 54 |             byteorder::Error::UnexpectedEOF => ImageError::FormatError( "Format error: ".to_string()  ),
[INFO] [stdout]    |                        ^^^^^ could not find `Error` in `byteorder`
[INFO] [stdout] 
[INFO] [stdout] 
[INFO] [stdout] error[E0433]: failed to resolve: could not find `Error` in `byteorder`
[INFO] [stdout]   --> src/image/error.rs:55:24
[INFO] [stdout]    |
[INFO] [stdout] 55 |             byteorder::Error::Io(err) => ImageError::IoError(err),
[INFO] [stdout]    |                        ^^^^^ could not find `Error` in `byteorder`
[INFO] [stdout] 
[INFO] [stdout] 
[INFO] [stdout] error[E0412]: cannot find type `Error` in crate `byteorder`
[INFO] [stdout]   --> src/stream.rs:25:54
[INFO] [stdout]    |
[INFO] [stdout] 25 |     fn read_u16(&mut self) -> Result<u16, byteorder::Error> {
[INFO] [stdout]    |                                                      ^^^^^ not found in `byteorder`
[INFO] [stdout]    |
[INFO] [stdout] help: consider importing one of these items
[INFO] [stdout]    |
[INFO] [stdout] 3  | use regex::Error;
[INFO] [stdout]    |
[INFO] [stdout] 3  | use std::error::Error;
[INFO] [stdout]    |
[INFO] [stdout] 
[INFO] [stdout] 
[INFO] [stdout] error[E0412]: cannot find type `Error` in crate `byteorder`
[INFO] [stdout]   --> src/stream.rs:34:54
[INFO] [stdout]    |
[INFO] [stdout] 34 |     fn read_u32(&mut self) -> Result<u32, byteorder::Error> {
[INFO] [stdout]    |                                                      ^^^^^ not found in `byteorder`
[INFO] [stdout]    |
[INFO] [stdout] help: consider importing one of these items
[INFO] [stdout]    |
[INFO] [stdout] 3  | use regex::Error;
[INFO] [stdout]    |
[INFO] [stdout] 3  | use std::error::Error;
[INFO] [stdout]    |
[INFO] [stdout] 
[INFO] [stdout] 
[INFO] [stdout] error[E0412]: cannot find type `Error` in crate `byteorder`
[INFO] [stdout]   --> src/stream.rs:44:55
[INFO] [stdout]    |
[INFO] [stdout] 44 |     fn read_f32(&mut self ) -> Result<f32, byteorder::Error> {
[INFO] [stdout]    |                                                       ^^^^^ not found in `byteorder`
[INFO] [stdout]    |
[INFO] [stdout] help: consider importing one of these items
[INFO] [stdout]    |
[INFO] [stdout] 3  | use regex::Error;
[INFO] [stdout]    |
[INFO] [stdout] 3  | use std::error::Error;
[INFO] [stdout]    |
[INFO] [stdout] 
[INFO] [stdout] 
[INFO] [stdout] error[E0412]: cannot find type `Error` in crate `byteorder`
[INFO] [stdout]   --> src/stream.rs:60:62
[INFO] [stdout]    |
[INFO] [stdout] 60 |     fn write_u16(&mut self, n: u16) -> Result<(), byteorder::Error> {
[INFO] [stdout]    |                                                              ^^^^^ not found in `byteorder`
[INFO] [stdout]    |
[INFO] [stdout] help: consider importing one of these items
[INFO] [stdout]    |
[INFO] [stdout] 3  | use regex::Error;
[INFO] [stdout]    |
[INFO] [stdout] 3  | use std::error::Error;
[INFO] [stdout]    |
[INFO] [stdout] 
[INFO] [stdout] 
[INFO] [stdout] error[E0412]: cannot find type `Error` in crate `byteorder`
[INFO] [stdout]   --> src/stream.rs:69:62
[INFO] [stdout]    |
[INFO] [stdout] 69 |     fn write_u32(&mut self, n: u32) -> Result<(), byteorder::Error> {
[INFO] [stdout]    |                                                              ^^^^^ not found in `byteorder`
[INFO] [stdout]    |
[INFO] [stdout] help: consider importing one of these items
[INFO] [stdout]    |
[INFO] [stdout] 3  | use regex::Error;
[INFO] [stdout]    |
[INFO] [stdout] 3  | use std::error::Error;
[INFO] [stdout]    |
[INFO] [stdout] 
[INFO] [stdout] 
[INFO] [stdout] error[E0412]: cannot find type `Error` in crate `byteorder`
[INFO] [stdout]   --> src/stream.rs:78:62
[INFO] [stdout]    |
[INFO] [stdout] 78 |     fn write_f32(&mut self, n: f32) -> Result<(), byteorder::Error> {
[INFO] [stdout]    |                                                              ^^^^^ not found in `byteorder`
[INFO] [stdout]    |
[INFO] [stdout] help: consider importing one of these items
[INFO] [stdout]    |
[INFO] [stdout] 3  | use regex::Error;
[INFO] [stdout]    |
[INFO] [stdout] 3  | use std::error::Error;
[INFO] [stdout]    |
[INFO] [stdout] 
[INFO] [stdout] 
[INFO] [stdout] error[E0412]: cannot find type `Error` in crate `byteorder`
[INFO] [stdout]   --> src/image/error.rs:51:22
[INFO] [stdout]    |
[INFO] [stdout] 51 | impl From<byteorder::Error> for ImageError {
[INFO] [stdout]    |                      ^^^^^ not found in `byteorder`
[INFO] [stdout]    |
[INFO] [stdout] help: consider importing one of these items
[INFO] [stdout]    |
[INFO] [stdout] 1  | use image::error::fmt::Error;
[INFO] [stdout]    |
[INFO] [stdout] 1  | use regex::Error;
[INFO] [stdout]    |
[INFO] [stdout] 1  | use std::error::Error;
[INFO] [stdout]    |
[INFO] [stdout] 
[INFO] [stdout] 
[INFO] [stdout] error[E0412]: cannot find type `Error` in crate `byteorder`
[INFO] [stdout]   --> src/image/error.rs:52:29
[INFO] [stdout]    |
[INFO] [stdout] 52 |     fn from(err: byteorder::Error) -> ImageError {
[INFO] [stdout]    |                             ^^^^^ not found in `byteorder`
[INFO] [stdout]    |
[INFO] [stdout] help: consider importing one of these items
[INFO] [stdout]    |
[INFO] [stdout] 1  | use image::error::fmt::Error;
[INFO] [stdout]    |
[INFO] [stdout] 1  | use regex::Error;
[INFO] [stdout]    |
[INFO] [stdout] 1  | use std::error::Error;
[INFO] [stdout]    |
[INFO] [stdout] 
[INFO] [stdout] 
[INFO] [stdout] warning: use of deprecated macro `try`: use the `?` operator instead
[INFO] [stdout]   --> src/decoder.rs:72:20
[INFO] [stdout]    |
[INFO] [stdout] 72 |         let fmt1 = try!(self.reader.read_u32() );
[INFO] [stdout]    |                    ^^^
[INFO] [stdout]    |
[INFO] [stdout]    = note: `#[warn(deprecated)]` on by default
[INFO] [stdout] 
[INFO] [stdout] 
[INFO] [stdout] warning: use of deprecated macro `try`: use the `?` operator instead
[INFO] [stdout]   --> src/decoder.rs:73:20
[INFO] [stdout]    |
[INFO] [stdout] 73 |         let fmt2 = try!(self.reader.read_u32() );
[INFO] [stdout]    |                    ^^^
[INFO] [stdout] 
[INFO] [stdout] 
[INFO] [stdout] warning: use of deprecated macro `try`: use the `?` operator instead
[INFO] [stdout]   --> src/decoder.rs:79:23
[INFO] [stdout]    |
[INFO] [stdout] 79 |         self.width  = try!(self.reader.read_u32() );
[INFO] [stdout]    |                       ^^^
[INFO] [stdout] 
[INFO] [stdout] 
[INFO] [stdout] warning: use of deprecated macro `try`: use the `?` operator instead
[INFO] [stdout]   --> src/decoder.rs:80:23
[INFO] [stdout]    |
[INFO] [stdout] 80 |         self.height = try!(self.reader.read_u32() );
[INFO] [stdout]    |                       ^^^
[INFO] [stdout] 
[INFO] [stdout] 
[INFO] [stdout] warning: use of deprecated macro `try`: use the `?` operator instead
[INFO] [stdout]   --> src/decoder.rs:93:9
[INFO] [stdout]    |
[INFO] [stdout] 93 |         try!(self.read_header());
[INFO] [stdout]    |         ^^^
[INFO] [stdout] 
[INFO] [stdout] 
[INFO] [stdout] warning: use of deprecated macro `try`: use the `?` operator instead
[INFO] [stdout]    --> src/decoder.rs:100:38
[INFO] [stdout]     |
[INFO] [stdout] 100 |         let pixel_type : PixelType = try!(self.pixel_type() );
[INFO] [stdout]     |                                      ^^^
[INFO] [stdout] 
[INFO] [stdout] 
[INFO] [stdout] warning: use of deprecated macro `try`: use the `?` operator instead
[INFO] [stdout]    --> src/decoder.rs:111:30
[INFO] [stdout]     |
[INFO] [stdout] 111 |                     *datum = try!(reader.read_u16());
[INFO] [stdout]     |                              ^^^
[INFO] [stdout] 
[INFO] [stdout] 
[INFO] [stdout] warning: use of deprecated macro `try`: use the `?` operator instead
[INFO] [stdout]    --> src/decoder.rs:116:30
[INFO] [stdout]     |
[INFO] [stdout] 116 |                     *datum = try!(reader.read_f32());
[INFO] [stdout]     |                              ^^^
[INFO] [stdout] 
[INFO] [stdout] 
[INFO] [stdout] warning: use of deprecated macro `try`: use the `?` operator instead
[INFO] [stdout]    --> src/decoder.rs:162:17
[INFO] [stdout]     |
[INFO] [stdout] 162 |                 try!(
[INFO] [stdout]     |                 ^^^
[INFO] [stdout] 
[INFO] [stdout] 
[INFO] [stdout] warning: use of deprecated macro `try`: use the `?` operator instead
[INFO] [stdout]    --> src/decoder.rs:169:17
[INFO] [stdout]     |
[INFO] [stdout] 169 |                 try!(
[INFO] [stdout]     |                 ^^^
[INFO] [stdout] 
[INFO] [stdout] 
[INFO] [stdout] warning: use of deprecated macro `try`: use the `?` operator instead
[INFO] [stdout]    --> src/utils/file.rs:130:23
[INFO] [stdout]     |
[INFO] [stdout] 130 |         let entries = try!(fs::read_dir(dir)); // Result<ReadDir>
[INFO] [stdout]     |                       ^^^
[INFO] [stdout] 
[INFO] [stdout] 
[INFO] [stdout] warning: use of deprecated macro `try`: use the `?` operator instead
[INFO] [stdout]    --> src/utils/file.rs:177:22
[INFO] [stdout]     |
[INFO] [stdout] 177 |         for entry in try!(fs::read_dir(dir)) {
[INFO] [stdout]     |                      ^^^
[INFO] [stdout] 
[INFO] [stdout] 
[INFO] [stdout] warning: use of deprecated macro `try`: use the `?` operator instead
[INFO] [stdout]    --> src/utils/file.rs:178:30
[INFO] [stdout]     |
[INFO] [stdout] 178 |             let this_entry = try!(entry);
[INFO] [stdout]     |                              ^^^
[INFO] [stdout] 
[INFO] [stdout] 
[INFO] [stdout] warning: use of deprecated macro `try`: use the `?` operator instead
[INFO] [stdout]    --> src/utils/file.rs:181:17
[INFO] [stdout]     |
[INFO] [stdout] 181 |                 try!(process_tail_dirs(this_entry_path, cb));
[INFO] [stdout]     |                 ^^^
[INFO] [stdout] 
[INFO] [stdout] 
[INFO] [stdout] warning: trait objects without an explicit `dyn` are deprecated
[INFO] [stdout]   --> src/image/error.rs:36:33
[INFO] [stdout]    |
[INFO] [stdout] 36 |     fn cause (&self) -> Option<&Error> {
[INFO] [stdout]    |                                 ^^^^^ help: use `dyn`: `dyn Error`
[INFO] [stdout]    |
[INFO] [stdout]    = note: `#[warn(bare_trait_objects)]` on by default
[INFO] [stdout] 
[INFO] [stdout] 
[INFO] [stdout] warning: unnecessary parentheses around `for` iterator expression
[INFO] [stdout]   --> src/utils/file.rs:75:16
[INFO] [stdout]    |
[INFO] [stdout] 75 |     for row in (0..number_of_rows ) {
[INFO] [stdout]    |                ^^^^^^^^^^^^^^^^^^^^ help: remove these parentheses
[INFO] [stdout]    |
[INFO] [stdout]    = note: `#[warn(unused_parens)]` on by default
[INFO] [stdout] 
[INFO] [stdout] 
[INFO] [stdout] warning: unnecessary parentheses around `for` iterator expression
[INFO] [stdout]   --> src/utils/file.rs:76:20
[INFO] [stdout]    |
[INFO] [stdout] 76 |         for col in ( 0..number_of_columns ) {
[INFO] [stdout]    |                    ^^^^^^^^^^^^^^^^^^^^^^^^ help: remove these parentheses
[INFO] [stdout] 
[INFO] [stdout] 
[INFO] [stdout] warning: unnecessary parentheses around type
[INFO] [stdout]   --> src/utils/imageops.rs:72:56
[INFO] [stdout]    |
[INFO] [stdout] 72 | fn apply_mask( ms: &Vec<Pixel>, ps: &Vec<Pixel> )  ->  ( Option<Vec<Pixel> > ) {
[INFO] [stdout]    |                                                        ^^^^^^^^^^^^^^^^^^^^^^^ help: remove these parentheses
[INFO] [stdout] 
[INFO] [stdout] 
[INFO] [stdout] error[E0433]: failed to resolve: could not find `Error` in `byteorder`
[INFO] [stdout]   --> src/image/error.rs:54:24
[INFO] [stdout]    |
[INFO] [stdout] 54 |             byteorder::Error::UnexpectedEOF => ImageError::FormatError( "Format error: ".to_string()  ),
[INFO] [stdout]    |                        ^^^^^ could not find `Error` in `byteorder`
[INFO] [stdout] 
[INFO] [stdout] 
[INFO] [stdout] error[E0433]: failed to resolve: could not find `Error` in `byteorder`
[INFO] [stdout]   --> src/image/error.rs:55:24
[INFO] [stdout]    |
[INFO] [stdout] 55 |             byteorder::Error::Io(err) => ImageError::IoError(err),
[INFO] [stdout]    |                        ^^^^^ could not find `Error` in `byteorder`
[INFO] [stdout] 
[INFO] [stdout] 
[INFO] [stdout] error[E0412]: cannot find type `Error` in crate `byteorder`
[INFO] [stdout]   --> src/stream.rs:25:54
[INFO] [stdout]    |
[INFO] [stdout] 25 |     fn read_u16(&mut self) -> Result<u16, byteorder::Error> {
[INFO] [stdout]    |                                                      ^^^^^ not found in `byteorder`
[INFO] [stdout]    |
[INFO] [stdout] help: consider importing one of these items
[INFO] [stdout]    |
[INFO] [stdout] 3  | use regex::Error;
[INFO] [stdout]    |
[INFO] [stdout] 3  | use std::error::Error;
[INFO] [stdout]    |
[INFO] [stdout] 
[INFO] [stdout] 
[INFO] [stdout] error[E0412]: cannot find type `Error` in crate `byteorder`
[INFO] [stdout]   --> src/stream.rs:34:54
[INFO] [stdout]    |
[INFO] [stdout] 34 |     fn read_u32(&mut self) -> Result<u32, byteorder::Error> {
[INFO] [stdout]    |                                                      ^^^^^ not found in `byteorder`
[INFO] [stdout]    |
[INFO] [stdout] help: consider importing one of these items
[INFO] [stdout]    |
[INFO] [stdout] 3  | use regex::Error;
[INFO] [stdout]    |
[INFO] [stdout] 3  | use std::error::Error;
[INFO] [stdout]    |
[INFO] [stdout] 
[INFO] [stdout] 
[INFO] [stdout] error[E0412]: cannot find type `Error` in crate `byteorder`
[INFO] [stdout]   --> src/stream.rs:44:55
[INFO] [stdout]    |
[INFO] [stdout] 44 |     fn read_f32(&mut self ) -> Result<f32, byteorder::Error> {
[INFO] [stdout]    |                                                       ^^^^^ not found in `byteorder`
[INFO] [stdout]    |
[INFO] [stdout] help: consider importing one of these items
[INFO] [stdout]    |
[INFO] [stdout] 3  | use regex::Error;
[INFO] [stdout]    |
[INFO] [stdout] 3  | use std::error::Error;
[INFO] [stdout]    |
[INFO] [stdout] 
[INFO] [stdout] 
[INFO] [stdout] error[E0412]: cannot find type `Error` in crate `byteorder`
[INFO] [stdout]   --> src/stream.rs:60:62
[INFO] [stdout]    |
[INFO] [stdout] 60 |     fn write_u16(&mut self, n: u16) -> Result<(), byteorder::Error> {
[INFO] [stdout]    |                                                              ^^^^^ not found in `byteorder`
[INFO] [stdout]    |
[INFO] [stdout] help: consider importing one of these items
[INFO] [stdout]    |
[INFO] [stdout] 3  | use regex::Error;
[INFO] [stdout]    |
[INFO] [stdout] 3  | use std::error::Error;
[INFO] [stdout]    |
[INFO] [stdout] 
[INFO] [stdout] 
[INFO] [stdout] error[E0412]: cannot find type `Error` in crate `byteorder`
[INFO] [stdout]   --> src/stream.rs:69:62
[INFO] [stdout]    |
[INFO] [stdout] 69 |     fn write_u32(&mut self, n: u32) -> Result<(), byteorder::Error> {
[INFO] [stdout]    |                                                              ^^^^^ not found in `byteorder`
[INFO] [stdout]    |
[INFO] [stdout] help: consider importing one of these items
[INFO] [stdout]    |
[INFO] [stdout] 3  | use regex::Error;
[INFO] [stdout]    |
[INFO] [stdout] 3  | use std::error::Error;
[INFO] [stdout]    |
[INFO] [stdout] 
[INFO] [stdout] 
[INFO] [stdout] error[E0412]: cannot find type `Error` in crate `byteorder`
[INFO] [stdout]   --> src/stream.rs:78:62
[INFO] [stdout]    |
[INFO] [stdout] 78 |     fn write_f32(&mut self, n: f32) -> Result<(), byteorder::Error> {
[INFO] [stdout]    |                                                              ^^^^^ not found in `byteorder`
[INFO] [stdout]    |
[INFO] [stdout] help: consider importing one of these items
[INFO] [stdout]    |
[INFO] [stdout] 3  | use regex::Error;
[INFO] [stdout]    |
[INFO] [stdout] 3  | use std::error::Error;
[INFO] [stdout]    |
[INFO] [stdout] 
[INFO] [stdout] 
[INFO] [stdout] error[E0412]: cannot find type `Error` in crate `byteorder`
[INFO] [stdout]   --> src/image/error.rs:51:22
[INFO] [stdout]    |
[INFO] [stdout] 51 | impl From<byteorder::Error> for ImageError {
[INFO] [stdout]    |                      ^^^^^ not found in `byteorder`
[INFO] [stdout]    |
[INFO] [stdout] help: consider importing one of these items
[INFO] [stdout]    |
[INFO] [stdout] 1  | use image::error::fmt::Error;
[INFO] [stdout]    |
[INFO] [stdout] 1  | use regex::Error;
[INFO] [stdout]    |
[INFO] [stdout] 1  | use std::error::Error;
[INFO] [stdout]    |
[INFO] [stdout] 
[INFO] [stdout] 
[INFO] [stdout] error[E0412]: cannot find type `Error` in crate `byteorder`
[INFO] [stdout]   --> src/image/error.rs:52:29
[INFO] [stdout]    |
[INFO] [stdout] 52 |     fn from(err: byteorder::Error) -> ImageError {
[INFO] [stdout]    |                             ^^^^^ not found in `byteorder`
[INFO] [stdout]    |
[INFO] [stdout] help: consider importing one of these items
[INFO] [stdout]    |
[INFO] [stdout] 1  | use image::error::fmt::Error;
[INFO] [stdout]    |
[INFO] [stdout] 1  | use regex::Error;
[INFO] [stdout]    |
[INFO] [stdout] 1  | use std::error::Error;
[INFO] [stdout]    |
[INFO] [stdout] 
[INFO] [stdout] 
[INFO] [stdout] warning: use of deprecated macro `try`: use the `?` operator instead
[INFO] [stdout]   --> src/decoder.rs:72:20
[INFO] [stdout]    |
[INFO] [stdout] 72 |         let fmt1 = try!(self.reader.read_u32() );
[INFO] [stdout]    |                    ^^^
[INFO] [stdout]    |
[INFO] [stdout]    = note: `#[warn(deprecated)]` on by default
[INFO] [stdout] 
[INFO] [stdout] 
[INFO] [stdout] warning: use of deprecated macro `try`: use the `?` operator instead
[INFO] [stdout]   --> src/decoder.rs:73:20
[INFO] [stdout]    |
[INFO] [stdout] 73 |         let fmt2 = try!(self.reader.read_u32() );
[INFO] [stdout]    |                    ^^^
[INFO] [stdout] 
[INFO] [stdout] 
[INFO] [stdout] warning: use of deprecated macro `try`: use the `?` operator instead
[INFO] [stdout]   --> src/decoder.rs:79:23
[INFO] [stdout]    |
[INFO] [stdout] 79 |         self.width  = try!(self.reader.read_u32() );
[INFO] [stdout]    |                       ^^^
[INFO] [stdout] 
[INFO] [stdout] 
[INFO] [stdout] warning: use of deprecated macro `try`: use the `?` operator instead
[INFO] [stdout]   --> src/decoder.rs:80:23
[INFO] [stdout]    |
[INFO] [stdout] 80 |         self.height = try!(self.reader.read_u32() );
[INFO] [stdout]    |                       ^^^
[INFO] [stdout] 
[INFO] [stdout] 
[INFO] [stdout] warning: use of deprecated macro `try`: use the `?` operator instead
[INFO] [stdout]   --> src/decoder.rs:93:9
[INFO] [stdout]    |
[INFO] [stdout] 93 |         try!(self.read_header());
[INFO] [stdout]    |         ^^^
[INFO] [stdout] 
[INFO] [stdout] 
[INFO] [stdout] warning: use of deprecated macro `try`: use the `?` operator instead
[INFO] [stdout]    --> src/decoder.rs:100:38
[INFO] [stdout]     |
[INFO] [stdout] 100 |         let pixel_type : PixelType = try!(self.pixel_type() );
[INFO] [stdout]     |                                      ^^^
[INFO] [stdout] 
[INFO] [stdout] 
[INFO] [stdout] warning: use of deprecated macro `try`: use the `?` operator instead
[INFO] [stdout]    --> src/decoder.rs:111:30
[INFO] [stdout]     |
[INFO] [stdout] 111 |                     *datum = try!(reader.read_u16());
[INFO] [stdout]     |                              ^^^
[INFO] [stdout] 
[INFO] [stdout] 
[INFO] [stdout] warning: use of deprecated macro `try`: use the `?` operator instead
[INFO] [stdout]    --> src/decoder.rs:116:30
[INFO] [stdout]     |
[INFO] [stdout] 116 |                     *datum = try!(reader.read_f32());
[INFO] [stdout]     |                              ^^^
[INFO] [stdout] 
[INFO] [stdout] 
[INFO] [stdout] warning: use of deprecated macro `try`: use the `?` operator instead
[INFO] [stdout]    --> src/decoder.rs:162:17
[INFO] [stdout]     |
[INFO] [stdout] 162 |                 try!(
[INFO] [stdout]     |                 ^^^
[INFO] [stdout] 
[INFO] [stdout] 
[INFO] [stdout] warning: use of deprecated macro `try`: use the `?` operator instead
[INFO] [stdout]    --> src/decoder.rs:169:17
[INFO] [stdout]     |
[INFO] [stdout] 169 |                 try!(
[INFO] [stdout]     |                 ^^^
[INFO] [stdout] 
[INFO] [stdout] 
[INFO] [stdout] warning: use of deprecated macro `try`: use the `?` operator instead
[INFO] [stdout]    --> src/utils/file.rs:130:23
[INFO] [stdout]     |
[INFO] [stdout] 130 |         let entries = try!(fs::read_dir(dir)); // Result<ReadDir>
[INFO] [stdout]     |                       ^^^
[INFO] [stdout] 
[INFO] [stdout] 
[INFO] [stdout] warning: use of deprecated macro `try`: use the `?` operator instead
[INFO] [stdout]    --> src/utils/file.rs:177:22
[INFO] [stdout]     |
[INFO] [stdout] 177 |         for entry in try!(fs::read_dir(dir)) {
[INFO] [stdout]     |                      ^^^
[INFO] [stdout] 
[INFO] [stdout] 
[INFO] [stdout] warning: use of deprecated macro `try`: use the `?` operator instead
[INFO] [stdout]    --> src/utils/file.rs:178:30
[INFO] [stdout]     |
[INFO] [stdout] 178 |             let this_entry = try!(entry);
[INFO] [stdout]     |                              ^^^
[INFO] [stdout] 
[INFO] [stdout] 
[INFO] [stdout] warning: use of deprecated macro `try`: use the `?` operator instead
[INFO] [stdout]    --> src/utils/file.rs:181:17
[INFO] [stdout]     |
[INFO] [stdout] 181 |                 try!(process_tail_dirs(this_entry_path, cb));
[INFO] [stdout]     |                 ^^^
[INFO] [stdout] 
[INFO] [stdout] 
[INFO] [stdout] warning: trait objects without an explicit `dyn` are deprecated
[INFO] [stdout]   --> src/image/error.rs:36:33
[INFO] [stdout]    |
[INFO] [stdout] 36 |     fn cause (&self) -> Option<&Error> {
[INFO] [stdout]    |                                 ^^^^^ help: use `dyn`: `dyn Error`
[INFO] [stdout]    |
[INFO] [stdout]    = note: `#[warn(bare_trait_objects)]` on by default
[INFO] [stdout] 
[INFO] [stdout] 
[INFO] [stdout] warning: unnecessary parentheses around `for` iterator expression
[INFO] [stdout]   --> src/utils/file.rs:75:16
[INFO] [stdout]    |
[INFO] [stdout] 75 |     for row in (0..number_of_rows ) {
[INFO] [stdout]    |                ^^^^^^^^^^^^^^^^^^^^ help: remove these parentheses
[INFO] [stdout]    |
[INFO] [stdout]    = note: `#[warn(unused_parens)]` on by default
[INFO] [stdout] 
[INFO] [stdout] 
[INFO] [stdout] warning: unnecessary parentheses around `for` iterator expression
[INFO] [stdout]   --> src/utils/file.rs:76:20
[INFO] [stdout]    |
[INFO] [stdout] 76 |         for col in ( 0..number_of_columns ) {
[INFO] [stdout]    |                    ^^^^^^^^^^^^^^^^^^^^^^^^ help: remove these parentheses
[INFO] [stdout] 
[INFO] [stdout] 
[INFO] [stdout] warning: unnecessary parentheses around type
[INFO] [stdout]   --> src/utils/imageops.rs:72:56
[INFO] [stdout]    |
[INFO] [stdout] 72 | fn apply_mask( ms: &Vec<Pixel>, ps: &Vec<Pixel> )  ->  ( Option<Vec<Pixel> > ) {
[INFO] [stdout]    |                                                        ^^^^^^^^^^^^^^^^^^^^^^^ help: remove these parentheses
[INFO] [stdout] 
[INFO] [stdout] 
[INFO] [stdout] error: aborting due to 10 previous errors; 18 warnings emitted
[INFO] [stdout] 
[INFO] [stdout] 
[INFO] [stdout] Some errors have detailed explanations: E0412, E0433.
[INFO] [stdout] 
[INFO] [stdout] For more information about an error, try `rustc --explain E0412`.
[INFO] [stdout] 
[INFO] [stderr] error: could not compile `idp_tool`.
[INFO] [stderr] 
[INFO] [stderr] To learn more, run the command again with --verbose.
[INFO] [stderr] warning: build failed, waiting for other jobs to finish...
[INFO] [stdout] error: aborting due to 10 previous errors; 18 warnings emitted
[INFO] [stdout] 
[INFO] [stdout] 
[INFO] [stdout] Some errors have detailed explanations: E0412, E0433.
[INFO] [stdout] 
[INFO] [stdout] For more information about an error, try `rustc --explain E0412`.
[INFO] [stdout] 
[INFO] [stderr] error: build failed
[INFO] running `Command { std: "docker" "inspect" "220d6eb29d9b6cd0967198ee62854806ffb253f98372ccf950b575805fd165dd", kill_on_drop: false }`
[INFO] running `Command { std: "docker" "rm" "-f" "220d6eb29d9b6cd0967198ee62854806ffb253f98372ccf950b575805fd165dd", kill_on_drop: false }`
[INFO] [stdout] 220d6eb29d9b6cd0967198ee62854806ffb253f98372ccf950b575805fd165dd
